{"id":12788,"date":"2024-11-20T18:36:11","date_gmt":"2024-11-20T18:36:11","guid":{"rendered":"http:\/\/sla-basel.ch\/?page_id=12788"},"modified":"2026-05-06T12:18:50","modified_gmt":"2026-05-06T12:18:50","slug":"t-c-fide-test","status":"publish","type":"page","link":"https:\/\/sla-basel.ch\/en\/fide_agb\/","title":{"rendered":"T&amp;C Fide-Test"},"content":{"rendered":"<ol>\n<li>This registration is binding.<\/li>\n<li>By registering, you accept the following Terms and Conditions of the Swiss Language Academy.<\/li>\n<li>You confirm that you have been informed about the registration and participation conditions and have read the regulations for participating in the fide test.<\/li>\n<li>Following your registration, you will receive an invoice from us for the fide test. The examination fee must be transferred by the due date, as timely payment is a prerequisite for taking part in the fide test. The payment date stated on the invoice is binding.<\/li>\n<li>Cancellation of this test must be made in writing.<\/li>\n<li>If you deregister up to 20 days before the examination date, an administration fee of CHF 80 will be charged.<\/li>\n<li>If you deregister less than 20 days before the exam date, the entire exam fee will be charged.<\/li>\n<li>In the event of non-attendance, failing the exam or lateness on the day of the exam, the exam fee will not be refunded. Late participants may, under certain circumstances, be excluded from the exam.<\/li>\n<li>By registering, you authorise the Swiss Language Academy to transmit the personal data necessary for conducting and evaluating the fide test and for issuing the language passport to the fide secretariat.<\/li>\n<\/ol>","protected":false},"excerpt":{"rendered":"<p>Diese Anmeldung ist verbindlich. Mit der Anmeldung akzeptieren Sie die nachstehenden Allgemeinen Gesch\u00e4ftsbedingungen der Swiss Language Academy. Sie best\u00e4tigen, dass&#8230;<\/p>","protected":false},"author":6,"featured_media":0,"parent":0,"menu_order":0,"comment_status":"closed","ping_status":"closed","template":"","meta":{"_exactmetrics_skip_tracking":false,"footnotes":""},"class_list":["post-12788","page","type-page","status-publish","hentry"],"yoast_head":"<!-- This site is optimized with the Yoast SEO plugin v28.1 - https:\/\/yoast.com\/product\/yoast-seo-wordpress\/ -->\n<title>fide Test in Basel f\u00fcr Sprachnachweis - AGB - SLA Basel<\/title>\n<meta name=\"description\" content=\"Hier finden Sie die AGB f\u00fcr den fide Test bei unserem Pr\u00fcfungszentrum in Basel. Finden Sie jetzt bei der SLA Basel passende Pr\u00fcfungstermine.\" \/>\n<meta name=\"robots\" content=\"index, follow, max-snippet:-1, max-image-preview:large, max-video-preview:-1\" \/>\n<link rel=\"canonical\" href=\"https:\/\/sla-basel.ch\/en\/t-c-fide-test\/\" \/>\n<meta property=\"og:locale\" content=\"en_GB\" \/>\n<meta property=\"og:type\" content=\"article\" \/>\n<meta property=\"og:title\" content=\"fide Test in Basel f\u00fcr Sprachnachweis - AGB - SLA Basel\" \/>\n<meta property=\"og:description\" content=\"Hier finden Sie die AGB f\u00fcr den fide Test bei unserem Pr\u00fcfungszentrum in Basel. Finden Sie jetzt bei der SLA Basel passende Pr\u00fcfungstermine.\" \/>\n<meta property=\"og:url\" content=\"https:\/\/sla-basel.ch\/en\/t-c-fide-test\/\" \/>\n<meta property=\"og:site_name\" content=\"SLA-Basel\" \/>\n<meta property=\"article:modified_time\" content=\"2026-05-06T12:18:50+00:00\" \/>\n<meta name=\"twitter:card\" content=\"summary_large_image\" \/>\n<meta name=\"twitter:label1\" content=\"Estimated reading time\" \/>\n\t<meta name=\"twitter:data1\" content=\"1 minute\" \/>\n<script type=\"application\/ld+json\" class=\"yoast-schema-graph\">{\"@context\":\"https:\\\/\\\/schema.org\",\"@graph\":[{\"@type\":\"WebPage\",\"@id\":\"https:\\\/\\\/sla-basel.ch\\\/en\\\/t-c-fide-test\\\/\",\"url\":\"https:\\\/\\\/sla-basel.ch\\\/en\\\/t-c-fide-test\\\/\",\"name\":\"fide Test in Basel f\u00fcr Sprachnachweis - AGB - SLA Basel\",\"isPartOf\":{\"@id\":\"https:\\\/\\\/sla-basel.ch\\\/#website\"},\"datePublished\":\"2024-11-20T18:36:11+00:00\",\"dateModified\":\"2026-05-06T12:18:50+00:00\",\"description\":\"Hier finden Sie die AGB f\u00fcr den fide Test bei unserem Pr\u00fcfungszentrum in Basel. Finden Sie jetzt bei der SLA Basel passende Pr\u00fcfungstermine.\",\"breadcrumb\":{\"@id\":\"https:\\\/\\\/sla-basel.ch\\\/en\\\/t-c-fide-test\\\/#breadcrumb\"},\"inLanguage\":\"en-GB\",\"potentialAction\":[{\"@type\":\"ReadAction\",\"target\":[\"https:\\\/\\\/sla-basel.ch\\\/en\\\/t-c-fide-test\\\/\"]}]},{\"@type\":\"BreadcrumbList\",\"@id\":\"https:\\\/\\\/sla-basel.ch\\\/en\\\/t-c-fide-test\\\/#breadcrumb\",\"itemListElement\":[{\"@type\":\"ListItem\",\"position\":1,\"name\":\"Startseite\",\"item\":\"https:\\\/\\\/sla-basel.ch\\\/\"},{\"@type\":\"ListItem\",\"position\":2,\"name\":\"Fide-Test AGB\"}]},{\"@type\":\"WebSite\",\"@id\":\"https:\\\/\\\/sla-basel.ch\\\/#website\",\"url\":\"https:\\\/\\\/sla-basel.ch\\\/\",\"name\":\"SLA-Basel\",\"description\":\"Wir sind SLA-BASEL Kontaktiere uns Deutsch Super-Intensivkurse oder Die Individuelle Sprachsch\u00fcle\",\"publisher\":{\"@id\":\"https:\\\/\\\/sla-basel.ch\\\/#organization\"},\"potentialAction\":[{\"@type\":\"SearchAction\",\"target\":{\"@type\":\"EntryPoint\",\"urlTemplate\":\"https:\\\/\\\/sla-basel.ch\\\/?s={search_term_string}\"},\"query-input\":{\"@type\":\"PropertyValueSpecification\",\"valueRequired\":true,\"valueName\":\"search_term_string\"}}],\"inLanguage\":\"en-GB\"},{\"@type\":\"Organization\",\"@id\":\"https:\\\/\\\/sla-basel.ch\\\/#organization\",\"name\":\"SLA-Basel\",\"url\":\"https:\\\/\\\/sla-basel.ch\\\/\",\"logo\":{\"@type\":\"ImageObject\",\"inLanguage\":\"en-GB\",\"@id\":\"https:\\\/\\\/sla-basel.ch\\\/#\\\/schema\\\/logo\\\/image\\\/\",\"url\":\"https:\\\/\\\/sla-basel.ch\\\/wp-content\\\/uploads\\\/2024\\\/07\\\/cropped-SLA-Logo.png\",\"contentUrl\":\"https:\\\/\\\/sla-basel.ch\\\/wp-content\\\/uploads\\\/2024\\\/07\\\/cropped-SLA-Logo.png\",\"width\":803,\"height\":224,\"caption\":\"SLA-Basel\"},\"image\":{\"@id\":\"https:\\\/\\\/sla-basel.ch\\\/#\\\/schema\\\/logo\\\/image\\\/\"}}]}<\/script>\n<!-- \/ Yoast SEO plugin. -->","yoast_head_json":{"title":"fide test in Basel for language proficiency - Terms and Conditions - SLA Basel","description":"Here you will find the terms and conditions for the fide test at our examination centre in Basel. Find suitable exam dates now at SLA Basel.","robots":{"index":"index","follow":"follow","max-snippet":"max-snippet:-1","max-image-preview":"max-image-preview:large","max-video-preview":"max-video-preview:-1"},"canonical":"https:\/\/sla-basel.ch\/en\/t-c-fide-test\/","og_locale":"en_GB","og_type":"article","og_title":"fide Test in Basel f\u00fcr Sprachnachweis - AGB - SLA Basel","og_description":"Hier finden Sie die AGB f\u00fcr den fide Test bei unserem Pr\u00fcfungszentrum in Basel. Finden Sie jetzt bei der SLA Basel passende Pr\u00fcfungstermine.","og_url":"https:\/\/sla-basel.ch\/en\/t-c-fide-test\/","og_site_name":"SLA-Basel","article_modified_time":"2026-05-06T12:18:50+00:00","twitter_card":"summary_large_image","twitter_misc":{"Estimated reading time":"1 minute"},"schema":{"@context":"https:\/\/schema.org","@graph":[{"@type":"WebPage","@id":"https:\/\/sla-basel.ch\/en\/t-c-fide-test\/","url":"https:\/\/sla-basel.ch\/en\/t-c-fide-test\/","name":"fide test in Basel for language proficiency - Terms and Conditions - SLA Basel","isPartOf":{"@id":"https:\/\/sla-basel.ch\/#website"},"datePublished":"2024-11-20T18:36:11+00:00","dateModified":"2026-05-06T12:18:50+00:00","description":"Here you will find the terms and conditions for the fide test at our examination centre in Basel. Find suitable exam dates now at SLA Basel.","breadcrumb":{"@id":"https:\/\/sla-basel.ch\/en\/t-c-fide-test\/#breadcrumb"},"inLanguage":"en-GB","potentialAction":[{"@type":"ReadAction","target":["https:\/\/sla-basel.ch\/en\/t-c-fide-test\/"]}]},{"@type":"BreadcrumbList","@id":"https:\/\/sla-basel.ch\/en\/t-c-fide-test\/#breadcrumb","itemListElement":[{"@type":"ListItem","position":1,"name":"Startseite","item":"https:\/\/sla-basel.ch\/"},{"@type":"ListItem","position":2,"name":"Fide-Test AGB"}]},{"@type":"WebSite","@id":"https:\/\/sla-basel.ch\/#website","url":"https:\/\/sla-basel.ch\/","name":"SLA-Basel","description":"We are SLA-BASEL Contact us German Super-Intensive Courses or The Individual Language School","publisher":{"@id":"https:\/\/sla-basel.ch\/#organization"},"potentialAction":[{"@type":"SearchAction","target":{"@type":"EntryPoint","urlTemplate":"https:\/\/sla-basel.ch\/?s={search_term_string}"},"query-input":{"@type":"PropertyValueSpecification","valueRequired":true,"valueName":"search_term_string"}}],"inLanguage":"en-GB"},{"@type":"Organization","@id":"https:\/\/sla-basel.ch\/#organization","name":"SLA-Basel","url":"https:\/\/sla-basel.ch\/","logo":{"@type":"ImageObject","inLanguage":"en-GB","@id":"https:\/\/sla-basel.ch\/#\/schema\/logo\/image\/","url":"https:\/\/sla-basel.ch\/wp-content\/uploads\/2024\/07\/cropped-SLA-Logo.png","contentUrl":"https:\/\/sla-basel.ch\/wp-content\/uploads\/2024\/07\/cropped-SLA-Logo.png","width":803,"height":224,"caption":"SLA-Basel"},"image":{"@id":"https:\/\/sla-basel.ch\/#\/schema\/logo\/image\/"}}]}},"_links":{"self":[{"href":"https:\/\/sla-basel.ch\/en\/wp-json\/wp\/v2\/pages\/12788","targetHints":{"allow":["GET"]}}],"collection":[{"href":"https:\/\/sla-basel.ch\/en\/wp-json\/wp\/v2\/pages"}],"about":[{"href":"https:\/\/sla-basel.ch\/en\/wp-json\/wp\/v2\/types\/page"}],"author":[{"embeddable":true,"href":"https:\/\/sla-basel.ch\/en\/wp-json\/wp\/v2\/users\/6"}],"replies":[{"embeddable":true,"href":"https:\/\/sla-basel.ch\/en\/wp-json\/wp\/v2\/comments?post=12788"}],"version-history":[{"count":8,"href":"https:\/\/sla-basel.ch\/en\/wp-json\/wp\/v2\/pages\/12788\/revisions"}],"predecessor-version":[{"id":16028,"href":"https:\/\/sla-basel.ch\/en\/wp-json\/wp\/v2\/pages\/12788\/revisions\/16028"}],"wp:attachment":[{"href":"https:\/\/sla-basel.ch\/en\/wp-json\/wp\/v2\/media?parent=12788"}],"curies":[{"name":"well played","href":"https:\/\/api.w.org\/{rel}","templated":true}]}}

<p>Diese Anmeldung ist verbindlich. Mit der Anmeldung akzeptieren Sie die nachstehenden Allgemeinen Geschäftsbedingungen der Swiss Language Academy. Sie bestätigen, dass&#8230;</p>

<!-- This site is optimized with the Yoast SEO plugin v28.1 - https://yoast.com/product/yoast-seo-wordpress/ -->
<title>fide Test in Basel für Sprachnachweis - AGB - SLA Basel</title>
<meta name="description" content="Hier finden Sie die AGB für den fide Test bei unserem Prüfungszentrum in Basel. Finden Sie jetzt bei der SLA Basel passende Prüfungstermine." />
<meta name="robots" content="index, follow, max-snippet:-1, max-image-preview:large, max-video-preview:-1" />
<link rel="canonical" href="https://sla-basel.ch/en/t-c-fide-test/" />
<meta property="og:locale" content="en_GB" />
<meta property="og:type" content="article" />
<meta property="og:title" content="fide Test in Basel für Sprachnachweis - AGB - SLA Basel" />
<meta property="og:description" content="Hier finden Sie die AGB für den fide Test bei unserem Prüfungszentrum in Basel. Finden Sie jetzt bei der SLA Basel passende Prüfungstermine." />
<meta property="og:url" content="https://sla-basel.ch/en/t-c-fide-test/" />
<meta property="og:site_name" content="SLA-Basel" />
<meta property="article:modified_time" content="2026-05-06T12:18:50+00:00" />
<meta name="twitter:card" content="summary_large_image" />
<meta name="twitter:label1" content="Estimated reading time" />
	<meta name="twitter:data1" content="1 minute" />
<script type="application/ld+json" class="yoast-schema-graph">{"@context":"https:\/\/schema.org","@graph":[{"@type":"WebPage","@id":"https:\/\/sla-basel.ch\/en\/t-c-fide-test\/","url":"https:\/\/sla-basel.ch\/en\/t-c-fide-test\/","name":"fide Test in Basel für Sprachnachweis - AGB - SLA Basel","isPartOf":{"@id":"https:\/\/sla-basel.ch\/#website"},"datePublished":"2024-11-20T18:36:11+00:00","dateModified":"2026-05-06T12:18:50+00:00","description":"Hier finden Sie die AGB für den fide Test bei unserem Prüfungszentrum in Basel. Finden Sie jetzt bei der SLA Basel passende Prüfungstermine.","breadcrumb":{"@id":"https:\/\/sla-basel.ch\/en\/t-c-fide-test\/#breadcrumb"},"inLanguage":"en-GB","potentialAction":[{"@type":"ReadAction","target":["https:\/\/sla-basel.ch\/en\/t-c-fide-test\/"]}]},{"@type":"BreadcrumbList","@id":"https:\/\/sla-basel.ch\/en\/t-c-fide-test\/#breadcrumb","itemListElement":[{"@type":"ListItem","position":1,"name":"Startseite","item":"https:\/\/sla-basel.ch\/"},{"@type":"ListItem","position":2,"name":"Fide-Test AGB"}]},{"@type":"WebSite","@id":"https:\/\/sla-basel.ch\/#website","url":"https:\/\/sla-basel.ch\/","name":"SLA-Basel","description":"Wir sind SLA-BASEL Kontaktiere uns Deutsch Super-Intensivkurse oder Die Individuelle Sprachschüle","publisher":{"@id":"https:\/\/sla-basel.ch\/#organization"},"potentialAction":[{"@type":"SearchAction","target":{"@type":"EntryPoint","urlTemplate":"https:\/\/sla-basel.ch\/?s={search_term_string}"},"query-input":{"@type":"PropertyValueSpecification","valueRequired":true,"valueName":"search_term_string"}}],"inLanguage":"en-GB"},{"@type":"Organization","@id":"https:\/\/sla-basel.ch\/#organization","name":"SLA-Basel","url":"https:\/\/sla-basel.ch\/","logo":{"@type":"ImageObject","inLanguage":"en-GB","@id":"https:\/\/sla-basel.ch\/#\/schema\/logo\/image\/","url":"https:\/\/sla-basel.ch\/wp-content\/uploads\/2024\/07\/cropped-SLA-Logo.png","contentUrl":"https:\/\/sla-basel.ch\/wp-content\/uploads\/2024\/07\/cropped-SLA-Logo.png","width":803,"height":224,"caption":"SLA-Basel"},"image":{"@id":"https:\/\/sla-basel.ch\/#\/schema\/logo\/image\/"}}]}</script>
<!-- / Yoast SEO plugin. -->

fide Test in Basel für Sprachnachweis - AGB - SLA Basel

Hier finden Sie die AGB für den fide Test bei unserem Prüfungszentrum in Basel. Finden Sie jetzt bei der SLA Basel passende Prüfungstermine.
